rs of 43403134?
2, 101, 214867
List the prime factors of 117965066.
2, 58982533
List the prime factors of 53416984.
2, 6677123
What are the prime factors of 177293744?
2, 11080859
What are the prime factors of 80403946?
2, 7, 5743139
What are the prime factors of 5746496954?
2, 11, 1061, 246187
What are the prime factors of 4025078?
2, 181, 11119
List the prime factors of 1398332951.
61, 22923491
What are the prime factors of 65736392?
2, 23, 357263
What are the prime factors of 978086481?
3, 457, 713411
List the prime factors of 318300800.
2, 5, 99469
What are the prime factors of 97862072?
2, 7, 11, 158867
What are the prime factors of 1501830680?
2, 5, 7, 19, 282299
What are the prime factors of 333589337?
569, 586273
List the prime factors of 54807492.
2, 3, 1951, 2341
List the prime factors of 23903698.
2, 7, 13, 10103
What are the prime factors of 367584686?
2, 7, 29, 905381
List the prime factors of 31560312.
2, 3, 7, 47, 571
What are the prime factors of 60664981?
13, 89, 52433
What are the prime factors of 5412904753?
5412904753
What are the prime factors of 1387506857?
11, 126136987
What are the prime factors of 3147052705?
5, 19379, 32479
What are the prime factors of 2306465143?
107, 3011, 7159
What are the prime factors of 620010297?
3, 68890033
List the prime factors of 62176004.
2, 11, 17, 101, 823
List the prime factors of 280154268.
2, 3, 29, 89449
What are the prime factors of 20099596?
2, 11, 456809
List the prime factors of 2163519439.
59, 36669821
List the prime factors of 177781011.
3, 7151, 8287
List the prime factors of 9497451.
3, 67, 47251
What are the prime factors of 1354159264?
2, 1319, 32083
What are the prime factors of 218258765?
5, 1949, 22397
What are the prime factors of 580428512?
2, 131, 138461
List the prime factors of 237409002.
2, 3, 4396463
What are the prime factors of 43080131?
139, 309929
List the prime factors of 118051579.
19, 1181, 5261
What are the prime factors of 6582833780?
2, 5, 4639, 70951
What are the prime factors of 167282461?
71, 2356091
What are the prime factors of 27047365?
5, 443, 12211
What are the prime factors of 1163099222?
2, 167, 3482333
List the prime factors of 415326691.
13, 227, 140741
What are the prime factors of 975220659?
3, 7, 367, 42179
What are the prime factors of 589329409?
1249, 471841
What are the prime factors of 1249360961?
1249, 1000289
List the prime factors of 367138949.
23, 47, 223, 1523
What are the prime factors of 76844423?
269, 285667
List the prime factors of 2442435291.
3, 10627, 25537
List the prime factors of 231835475.
5, 9273419
List the prime factors of 31830881.
673, 47297
What are the prime factors of 212980061?
7, 30425723
What are the prime factors of 54885942?
2, 3, 47, 64877
List the prime factors of 210892564.
2, 52723141
List the prime factors of 790660144.
2, 23, 2148533
List the prime factors of 400565509.
17, 1321, 17837
What are the prime factors of 40702216?
2, 17, 299281
List the prime factors of 2275695504.
2, 3, 15803441
List the prime factors of 568524729.
3, 29, 337, 19391
What are the prime factors of 1258514835?
3, 5, 83900989
List the prime factors of 26875475.
5, 11, 97729
What are the prime factors of 88567396?
2, 73, 303313
List the prime factors of 132415480.
2, 5, 3310387
What are the prime factors of 10001160?
2, 3, 5, 13, 2137
List the prime factors of 6229974013.
743, 8384891
What are the prime factors of 3542813018?
2, 1771406509
What are the prime factors of 2110335652?
2, 23, 22938431
List the prime factors of 124371118.
2, 47, 28151
What are the prime factors of 2490797888?
2, 41, 179, 5303
What are the prime factors of 124236202?
2, 23, 43, 107, 587
List the prime factors of 578944486.
2, 17, 127, 134077
List the prime factors of 695483017.
29, 47, 617, 827
What are the prime factors of 506777553?
3, 31, 201823
List the prime factors of 342553690.
2, 5, 34255369
List the prime factors of 1300479029.
1747, 744407
List the prime factors of 19294700.
2, 5, 23, 8389
What are the prime factors of 62775271?
13, 17, 284051
List the prime factors of 472696711.
31, 89, 171329
List the prime factors of 2648043110.
2, 5, 19, 13937069
List the prime factors of 247077.
3, 9151
List the prime factors of 11461946.
2, 557, 10289
List the prime factors of 912277.
599, 1523
List the prime factors of 184484783.
7, 26354969
List the prime factors of 6466351369.
67, 151, 639157
What are the prime factors of 824691434?
2, 7, 6581, 8951
What are the prime factors of 414235285?
5, 82847057
List the prime factors of 47953137.
3, 23, 61, 11393
What are the prime factors of 8280208?
2, 517513
List the prime factors of 2789782024.
2, 41, 8505433
What are the prime factors of 3094486559?
3511, 881369
What are the prime factors of 802052298?
2, 3, 44558461
What are the prime factors of 118161927?
3, 13, 77687
What are the prime factors of 211399763?
29, 97, 223, 337
List the prime factors of 612041033.
307, 1061, 1879
List the prime factors of 6140.
2, 5, 307
List the prime factors of 156191173.
89, 1754957
List the prime factors of 22172785.
5, 971, 4567
List the prime factors of 4761353155.
5, 13, 97, 755171
List the prime factors of 763126318.
2, 31, 71, 173359
What are the prime factors of 3960390434?
2, 7, 11, 13, 1231, 1607
What are the prime factors of 44371955?
5, 17, 73, 7151
What are the prime factors of 67337879?
7, 971, 9907
List the prime factors of 12348821.
12348821
What are the prime factors of 127864605?
3, 5, 11, 709, 1093
What are the prime factors of 457458797?
17, 3631, 7411
What are the prime factors of 235578168?
2, 3, 7, 467417
List the prime factors of 140006519.
29, 347, 13913
List the prime factors of 2806330.
2, 5, 29, 9677
List the prime factors of 925880483.
11, 2837, 29669
List the prime factors of 176496676.
2, 173, 255053
What are the prime factors of 673722976?
2, 19, 71, 15607
List the prime factors of 42635792.
2, 241, 11057
What are the prime factors of 1213228998?
2, 3, 67401611
List the prime factors of 167188394.
2, 31, 53, 83, 613
List the prime factors of 108317517.
3, 7, 11, 61, 7687
What are the prime factors of 2505881298?
2, 3, 1499, 278617
What are the prime factors of 40969408?
2, 277, 2311
List the prime factors of 4288042150.
2, 5, 7, 12251549
What are the prime factors of 523269190?
2, 5, 181, 289099
List the prime factors of 16127744.
2, 73, 863
List the prime factors of 84429502.
2, 19, 2221829
List the prime factors of 5597600889.
3, 61, 107, 487, 587
List the prime factors of 563253411.
3, 7, 3881, 6911
What are the prime factors of 1415353884?
2, 3, 7, 16849451
List the prime factors of 295276707.
3, 11, 2982593
List the prime factors of 56340840.
2, 3, 5, 653, 719
What are the prime factors of 160267283?
11, 53, 67, 373
List the prime factors of 112701320.
2, 5, 53, 53161
List the prime factors of 5481427311.
3, 47, 677, 19141
List the prime factors of 35586565.
5, 7, 41, 24799
List the prime factors of 45872591.
31, 1479761
List the prime factors of 1380468402.
2, 3, 67, 1144667
List the prime factors of 9467467.
23, 107, 3847
List the prime factors of 158232217.
11, 13, 43, 25733
List the prime factors of 20401215.
3, 5, 1360081
What are the prime factors of 15495535?
5, 11, 281737
List the prime factors of 209397762.
2, 3, 7, 1661887
List the prime factors of 16380584.
2, 11, 19, 97, 101
What are the prime factors of 407254644?
2, 3, 11312629
What are the prime factors of 54210761?
11, 61, 173, 467
What are the prime factors of 25672592?
2, 11, 199, 733
List the prime factors of 4078714180.
2, 5, 203935709
List the prime factors of 8267945535.
3, 5, 199, 307759
What are the prime factors of 576252478?
2, 288126239
List the prime factors of 18539620.
2, 5, 11, 47, 163
What are the prime factors of 1625461417?
1625461417
What are the prime factors of 320105986?
2, 10271, 15583
List the prime factors of 412781182.
2, 11, 17, 31, 35603
What are the prime factors of 36142460?
2, 5, 107, 16889
List the prime factors of 314943969.
3, 2473, 42451
List the prime factors of 4159485.
3, 5, 11, 2801
What are the prime factors of 90612699?
3, 30204233
List the prime factors of 1900480091.
1900480091
What are the prime factors of 564466800?
2, 3, 5, 470389
List the prime factors of 34986910.
